
What is the value of -326 + 318 + (-1 + (2 - 0) - 52)?
-59
Evaluate 30 + 37 + -23 - (-27 - -9) - (2 + -1).
61
Calculate -69 - 1 - ((12 - -38) + -47) - 3.
-76
(-2 - -12) + 7 + (-23 - -16) - -46 - 5
51
What is -3 + 0 - (-565 + 548 - (-22 - 0)) - -1?
-7
What is -9 + 18 - 92 - -122?
39
-20 + -7 + 2 + 98 - 18
55
-69 - -2 - (9 - (4 + 3 + 13 + -15))
-71
What is 162 + (214 - 385) + (-1 - (1 - 9))?
-2
12 - 26 - (-11 - -6)
-9
Evaluate -108 - -188 - (80 - 23).
23
What is -14 + (-2 - (-21 - -25 - 16)) - (-69 + -1)?
66
-49 - (123 + -162 + 13)
-23
Evaluate 45 + (1 - 3) + 86 + -99.
30
Evaluate (-1 - 59) + (-34 - -68 - 22) - 16.
-64
Calculate (99 - 20) + -167 - -158.
70
What is the value of 43 + -25 + 205 + -157?
66
165 - ((137 - -63) + -66)
31
What is the value of (120 - 129) + -69 - -169?
91
What is -2 + (-2 - 1 - -16) + (-6 - -5) + 41?
51
What is the value of (2 + -4 + 2 - -3) + 175 + -105 + -187?
-114
Evaluate 34 - (-1 - 2) - ((180 - 190) + (4 - -13)).
30
What is the value of (-22 - -83 - -22) + -3 + -16?
64
What is 5 + 0 + 8 + 22 + -71?
-36
Calculate -29 - (16 - 35) - (78 + 58).
-146
What is the value of -36 + 14 + (-14 + -2 - -5)?
-33
Calculate -29 - (-71 + -12 + 46).
8
What is (3 - -27) + (83 - 80) + -13 + 4?
24
What is the value of 40 + -19 + -3 + 25 + 5 + -16?
32
What is -117 + (-45 - (-97 - 43))?
-22
Evaluate -26 + -4 + (-35 - -41).
-24
(1 - -29) + (24 - ((22 - (8 + 2)) + 3))
39
14 - (-12 + 25) - -5 - (-2 - 38)
46
Calculate (80 - (78 + -5)) + -40 + 1 + -1.
-33
What is (-2 + -2 + 2 - -130) + (-285 - -297)?
140
Evaluate -3 + (12 - -16) - -1 - -24.
50
(30 - -3) + (3 - 89) + (0 - -2 - 2)
-53
What is 1 - 47 - (-1958 + 1930)?
-18
19 + (-28 - -12 - (-40 + 22) - 20)
1
What is -21 + (-22 + -149 + 47 - -34)?
-111
What is -25 - ((-16 - (-5 - 22)) + -25)?
-11
What is the value of (12 - 0 - 6 - 93) + (-21 - 16 - -29)?
-95
16 + (44 - -16 - 56) + 1 + -72
-51
What is the value of (91 - (184 + -49)) + -19?
-63
Calculate 6 - -1 - (125 - (2 + 13 + -5 - 27)).
-135
-33 - -155 - (-463 - -515)
70
Evaluate 58 + -3 + 46 + -87.
14
What is the value of -8 - 20 - (-33 - (-27 - 49))?
-71
Evaluate -47 + (21 + -22 - -45).
-3
What is (-15 - (-10 - -17 - 94 - 3)) + -13?
62
What is (12 - (-5 - -20 - 11 - (5 - 7))) + 103?
109
What is 9 - (-88 + -19 + (14 - 11 - 6))?
119
What is 0 - -40 - (101 + -73) - (-19 - 0)?
31
4 + -3 + (-6 - (-1 + -19) - 9 - -9)
15
What is the value of -124 - 0 - (14 - (-65 + 105))?
-98
Evaluate -5 + (14 - 5) + 27 + (3 - -5) - 5.
34
What is -15 + (1 + -24 + 46 - 6)?
2
Evaluate (23 - -6 - (3 + -7) - -3) + (-18 - -10).
28
29 - ((69 - 14) + -49)
23
Calculate 15 + 16 + 0 + (-58 - 9).
-36
-42 - (17 + -53) - (-1 + 9 - -2)
-16
What is the value of 11 + -7 + -7 - (1 - 8) - (-7 + -59)?
70
What is -4 + (-1 - (-7 + 5) - -9)?
6
Calculate (70 - 54 - 16) + -52.
-52
-63 + (44 - (0 - -27)) - -19
-27
What is (2 - -17) + (-23 - -4) + 44?
44
13 + 32 - ((1 + 15 - (34 - 24)) + 8)
31
What is the value of -38 + (15 + 4 + -14 - (-12 + 28))?
-49
-3 - (-9 + 5 - (-14 - -8) - 21) - 10
6
What is (-17 - (-10 + -7)) + (-40 - (-3 + 3)) + -9?
-49
Calculate 10 + (4 + 7 + 14 + -37 - (1 + -5)).
2
What is the value of (-3 - (8 - -9)) + (3 - -9)?
-8
What is the value of 55 + 6 - (8 - 6 - (-11 + 4))?
52
-5 - (9 - (-10 + 5 + 4 + -1 - -1))
-15
Evaluate 28 + -129 - 30 - (-31 + 0).
-100
4 + 24 + 658 + -691
-5
What is -1802 + 1743 + 2 + -48?
-105
-137 + (-119 + 116 - -219)
79
What is (-43 - -33) + (-33 - -42 - -27)?
26
-73 + -52 + 12 + 73
-40
Evaluate 0 + 24 + -2 - (104 - (194 + -90)).
22
What is the value of 78 + (-78 - -23) + (-3 - 67)?
-47
-8 - (43 + 3 + -82 + -31)
59
Evaluate 48 + -33 + -50 + -14.
-49
Evaluate 1 - 18 - (0 + 62 - (-679 + 697)).
-61
Calculate -131 - (-281 + 38) - 47.
65
-9 - 0 - -2 - 10 - ((20 - 9) + -20)
-8
What is -1 + -1 - ((-38 - 1 - -31) + -12)?
18
What is the value of -1101 - -1039 - (3 - 12)?
-53
Calculate -5 + 8 + (20 - (-12 - 59 - -18)).
76
What is the value of 5 + (-15 - -2 - 7 - -5) - -22 - 10?
2
Evaluate (52 - 31) + -14 - 61.
-54
-27 + 9 + 6 + 18 + -13 - (-2 + 15)
-20
Calculate -2 - 12 - (102 + -91).
-25
What is the value of 4 + -15 + 4 - (91 - 77)?
-21
What is -45 - (-74 + -15 - -68)?
-24
-37 - (75 + -39) - -33
-40
What is 2 - 4 - 2 - (-44 - 43 - -97)?
-14
What is 8 - ((3 + -4 + -3 - 4) + 34 - 8)?
-10
Evaluate -112 + 28 + 203 - 57.
62
What is the value of -29 + (-32 - -67 - 6)?
0
What is the value of (5 - 14 - ((21 - -18) + 9)) + 12?
-45
What is the value of -31 - ((13 - 3) + 0 + 1 + -20)?
-22
What is the value of -35 + (7 + (14 - 22 - 17) - 2)?
-55
(51 - -175) + -264 + 0 + -6
-44
Evaluate -4 - (-15 + (-11 - -5 - 15)).
32
0 - (-15 - (3 + 10 + -39))
-11
10 + (1 + 9 - (6 + (-49 - -26))) - -6
43
Evaluate (-80 - -107) + 37 + -36.
28
What is the value of 5 - -3 - (23 - ((-7 - 0) + -9))?
-31
What is -1 - 10 - (-30 - (-30 - 17 - -31))?
3
What is (9 - -3) + (3428 + -3427 - (18 + -1))?
-4
What is the value of -8 + (19 - 7) + (-79 - -92)?
17
Calculate -11 - -3 - (-17 + -11 + (-9 - (-12 - 14))).
3
What is 31 + -64 - (151 + -172)?
-12
(-642 - -626) + (14 - -3) + 0
1
What is (4 - -1) + (-316 - -308)?
-3
What is the value of 5 + -24 + 47 + -13 + (5 + 1 - 50)?
-29
What is the value of (9 - -4 - (74 - -4) - 11) + -14?
-90
-9 - (4 + -11 + (-6 - -13 - -9))
-18
9 + 34 + (3 - 23) + (-2 - 7) + -13
1
What is the value of 12 + 1 + 140 - (-33 - -22 - -33)?
131
(85 - 32) + -54 + -1 + -8 + 86 + 1
77
Calculate -15 - (52 + (49 - 132)).
16
-48 + 17 + (-5 - -19) - 6
-23
What is (-36 - 0) + 40 + -89 + 51?
-34
8 - 15 - (-42 + 48 + -1 + (1 - 0))
-13
What is the value of -55 - (2 + 16 + -14 + -4)?
-55
What is the value of (-116 + -14 - -91) + 78?
39
What is the value of (50 - -34) + -89 + 26?
21
What is (-2 - -14) + 6 + 0 + (-10 - (-2 - 9))?
19
Calculate -12 + 1 + (1 - 2) + -50 + -37 + 89.
-10
-12 + 0 + 28 + -23 + 24
17
What is the value of -46 + (-1 + 36 - -38)?
27
Calculate 24 + (-35 - -34) + -11 + 1.
13
7 + -2 + -2 + (56 - 87)
-28
Evaluate 1 - (23 + 18 + (4 - 26)).
-18
68 + -42 + -88 - (12 + 3 + -2)
-75
-40 + (38 - -15) + -22
-9
Calculate -98 - (1 + 2 + (4 + (17 - 36) - -5)).
-91
What is the value of 10 + (-17 - -57) + -31?
19
14 + 5 + -75 - (7 + (-3 - 3))
-57
What is the value of 48 + 6 - (924 + -867)?
-3
Calculate 14 + -35 + 13 + -2 + 3 - -2.
-5
31 - ((33 - (-24 - -66)) + 35)
5
What is (45 - 8) + 101 + -118 - (-1 + -11)?
32
What is the value of (-20 - 31 - -82) + -25?
6
What is the value of -37 + 7 + 19 + -5 + -21?
-37
What is the value of (-2 + (1 - 3) - -8) + -51 + 51 + 11?
15
Evaluate -12 - (25 + -11 - (1 - -4 - -57)).
36
What is the value of (-1 - -4 - (1 - 2)) + (2200 - 2195)?
9
12 + 3 - -50 - 40
25
Calculate (60 - (1 + -3)) + (-2275 - -2246).
33
Evaluate -124 - (-16 + (9 - 58)).
-59
Calculate -63 - (-52 + 31 - 36).
-6
(12 - (-11 + 11)) + -20 + 32
24
Evaluate 11 - 7 - (0 + 1 + 9 + (24 - 14)).
-16
Calculate (-127 + 141 - (93 - -8)) + -7.
-94
Evaluate -1 + 19 + (26 - 24) + -4 + -3.
13
What is the value of 31 - (-38 - -39) - 60?
-30
Calculate (23 - -23) + 3 + -66 - (16 + 1).
-34
What is (15 - -6) + -4 + 11 + 34 - (-1 + 2)?
61
149 - 154 - (-14 - 8)
17
What is (9799 - 9818) + (-2 - 0) + -22?
-43
What is the value of -27 - (-18 + 29 + -18)?
-20
What is (6 - -105) + (3 - 15) - (-8 + -4 + 14)?
97
(-3 - (-11 - -28)) + 7 + 97
84
What is the value of (60 - 49 - (8 + -2)) + -21 - -18?
2
Calculate 104 - (-58 + (123 - 37)).
76
What is the value of -67 + (-6 - 54) - -94?
-33
What is -76 - (-37 + -46) - (47 - 0)?
-40
What is -93 - (-4 + 9 - (-8 + 9) - -11)?
-108
Evaluate 22 - -13 - (21 - 37) - -24.
75
What is the value of 37 + -47 - ((-3 + -36 - -7) + -5)?
27
Evaluate 67 + -109 + 81 - 100.
-61
What is the value of -20 + (2 + (4 - -6) - 1) + -5 + 1?
-13
What is (-6 - 35) + (-8 - 23 - 8)?
-80
-91 + 88 + 87 + -70
14
(-14 - (7 - 5 - 14)) + (50 - -3)
51
What is the value of -286 + 291 + (-3 - -2 - 38 - (45 - 39))?
-40
Calculate (-4 - -4) + (11 - (-3 - 0 - (-7 + -63))).
-56
What is (-107 - -59 - -57) + (-82 - (-3 - 1))?
-69
Calculate 4 + (34 + -14 + -13 - 3) + (47 - 0).
55
46 + -3 + 88 - 124
7
Evaluate -13 + (38 - 63 - -4) + -60.
-94
What is the value of 50 + 8 - (-2 - (5 - (17 - 1 - 7)))?
56
What is (4 + 4 - (0 - -8)) + (11 - 2) + 14?
23
What is 46 + -69 - (-1 - (13 - 3))?
-12
Calculate (-270 - 100 - -426) + (1 